 remainder when 106 is divided by 45.
16
Calculate the remainder when 5512 is divided by 1833.
13
Calculate the remainder when 108 is divided by 28.
24
What is the remainder when 110 is divided by 49?
12
What is the remainder when 191 is divided by 39?
35
Calculate the remainder when 526 is divided by 49.
36
Calculate the remainder when 174 is divided by 35.
34
What is the remainder when 2545 is divided by 14?
11
Calculate the remainder when 4983 is divided by 29.
24
What is the remainder when 415 is divided by 103?
3
Calculate the remainder when 201 is divided by 8.
1
Calculate the remainder when 143 is divided by 24.
23
What is the remainder when 1024 is divided by 1009?
15
What is the remainder when 103 is divided by 45?
13
Calculate the remainder when 81 is divided by 36.
9
What is the remainder when 12975 is divided by 24?
15
What is the remainder when 246 is divided by 35?
1
Calculate the remainder when 93 is divided by 22.
5
Calculate the remainder when 134 is divided by 48.
38
Calculate the remainder when 202 is divided by 19.
12
What is the remainder when 116 is divided by 17?
14
What is the remainder when 283 is divided by 281?
2
What is the remainder when 1159 is divided by 83?
80
Calculate the remainder when 280 is divided by 118.
44
Calculate the remainder when 624 is divided by 198.
30
What is the remainder when 700 is divided by 103?
82
Calculate the remainder when 568 is divided by 110.
18
What is the remainder when 1721 is divided by 41?
40
Calculate the remainder when 272 is divided by 26.
12
Calculate the remainder when 471 is divided by 43.
41
What is the remainder when 425 is divided by 15?
5
Calculate the remainder when 590 is divided by 120.
110
Calculate the remainder when 2377 is divided by 23.
8
Calculate the remainder when 76 is divided by 3.
1
What is the remainder when 92 is divided by 22?
4
What is the remainder when 22795 is divided by 9?
7
What is the remainder when 1016 is divided by 202?
6
What is the remainder when 221 is divided by 19?
12
What is the remainder when 208 is divided by 47?
20
What is the remainder when 66 is divided by 17?
15
Calculate the remainder when 3310 is divided by 18.
16
Calculate the remainder when 698 is divided by 141.
134
Calculate the remainder when 1789 is divided by 255.
4
Calculate the remainder when 62 is divided by 23.
16
What is the remainder when 750 is divided by 94?
92
What is the remainder when 126 is divided by 32?
30
Calculate the remainder when 20018 is divided by 5.
3
Calculate the remainder when 32 is divided by 11.
10
What is the remainder when 326 is divided by 55?
51
Calculate the remainder when 635 is divided by 21.
5
What is the remainder when 42622 is divided by 384?
382
Calculate the remainder when 149 is divided by 26.
19
What is the remainder when 241 is divided by 7?
3
What is the remainder when 946 is divided by 159?
151
What is the remainder when 676 is divided by 90?
46
Calculate the remainder when 3673 is divided by 175.
173
Calculate the remainder when 4717 is divided by 121.
119
Calculate the remainder when 89 is divided by 11.
1
Calculate the remainder when 12260 is divided by 61.
60
Calculate the remainder when 1279 is divided by 269.
203
What is the remainder when 482 is divided by 121?
119
Calculate the remainder when 2446 is divided by 17.
15
What is the remainder when 3417 is divided by 30?
27
What is the remainder when 345 is divided by 60?
45
What is the remainder when 8448 is divided by 17?
16
What is the remainder when 3834 is divided by 24?
18
Calculate the remainder when 246 is divided by 10.
6
Calculate the remainder when 198 is divided by 23.
14
What is the remainder when 41 is divided by 13?
2
Calculate the remainder when 15 is divided by 7.
1
Calculate the remainder when 611 is divided by 68.
67
What is the remainder when 71 is divided by 18?
17
What is the remainder when 223 is divided by 19?
14
Calculate the remainder when 737 is divided by 727.
10
What is the remainder when 66 is divided by 9?
3
What is the remainder when 268 is divided by 84?
16
Calculate the remainder when 61 is divided by 49.
12
Calculate the remainder when 470 is divided by 156.
2
Calculate the remainder when 45 is divided by 29.
16
What is the remainder when 447 is divided by 32?
31
Calculate the remainder when 704 is divided by 231.
11
Calculate the remainder when 28430 is divided by 27.
26
What is the remainder when 125 is divided by 38?
11
Calculate the remainder when 89 is divided by 40.
9
Calculate the remainder when 149 is divided by 50.
49
What is the remainder when 60 is divided by 29?
2
What is the remainder when 1969 is divided by 43?
34
Calculate the remainder when 841 is divided by 25.
16
What is the remainder when 99 is divided by 39?
21
Calculate the remainder when 1163 is divided by 12.
11
What is the remainder when 783 is divided by 66?
57
Calculate the remainder when 46 is divided by 5.
1
What is the remainder when 1155 is divided by 116?
111
Calculate the remainder when 2441 is divided by 273.
257
Calculate the remainder when 1041 is divided by 519.
3
Calculate the remainder when 130 is divided by 3.
1
Calculate the remainder when 55416 is divided by 147.
144
What is the remainder when 58 is divided by 12?
10
Calculate the remainder when 204 is divided by 52.
48
What is the remainder when 1418 is divided by 20?
18
What is the remainder when 10259 is divided by 20?
19
What is the remainder when 477 is divided by 219?
39
Calculate the remainder when 2194 is divided by 122.
120
What is the remainder when 1860 is divided by 185?
10
What is the remainder when 26 is divided by 1?
0
Calculate the remainder when 215 is divided by 70.
5
Calculate the remainder when 920 is divided by 16.
8
Calculate the remainder when 292 is divided by 59.
56
What is the remainder when 542 is divided by 42?
38
Calculate the remainder when 23 is divided by 21.
2
What is the remainder when 967 is divided by 17?
15
What is the remainder when 118 is divided by 24?
22
What is the remainder when 413 is divided by 52?
49
What is the remainder when 1337 is divided by 167?
1
What is the remainder when 1952 is divided by 492?
476
What is the remainder when 1412 is divided by 27?
8
Calculate the remainder when 104847 is divided by 75.
72
What is the remainder when 5732 is divided by 39?
38
Calculate the remainder when 450 is divided by 92.
82
Calculate the remainder when 61 is divided by 12.
1
Calculate the remainder when 1024 is divided by 27.
25
Calculate the remainder when 1896 is divided by 601.
93
What is the remainder when 647 is divided by 127?
12
What is the remainder when 87 is divided by 18?
15
What is the remainder when 768 is divided by 107?
19
Calculate the remainder when 3886 is divided by 113.
44
Calculate the remainder when 140 is divided by 16.
12
What is the remainder when 321 is divided by 155?
11
Calculate the remainder when 438 is divided by 54.
6
What is the remainder when 2301 is divided by 33?
24
What is the remainder when 130 is divided by 12?
10
What is the remainder when 444 is divided by 72?
12
What is the remainder when 5439 is divided by 68?
67
What is the remainder when 636 is divided by 40?
36
What is the remainder when 105 is divided by 6?
3
What is the remainder when 126 is divided by 47?
32
Calculate the remainder when 273 is divided by 69.
66
Calculate the remainder when 933 is divided by 45.
33
What is the remainder when 60 is divided by 3?
0
What is the remainder when 16873 is divided by 143?
142
Calculate the remainder when 2646 is divided by 10.
6
Calculate the remainder when 643 is divided by 36.
31
What is the remainder when 6317 is divided by 16?
13
What is the remainder when 360 is divided by 28?
24
What is the remainder when 26 is divided by 12?
2
What is the remainder when 1309 is divided by 26?
9
Calculate the remainder when 867 is divided by 30.
27
Calculate the remainder when 215 is divided by 3.
2
What is the remainder when 395 is divided by 10?
5
Calculate the remainder when 558 is divided by 184.
6
What is the remainder when 633 is divided by 251?
131
Calculate the remainder when 162 is divided by 37.
14
Calculate the remainder when 273 is divided by 74.
51
Calculate the remainder when 785 is divided by 72.
65
What is the r